Give j(a).
-6
Let c(j) = j**2 - 5*j + 1. Let a be c(2). Let v = a - 0. Let r(z) = -z**2 - 6*z - 5. Give r(v).
0
Let n(a) = a**3 + 3*a**2 - 4*a - 5. Let d = -25 - -11. Let s = -18 - d. Calculate n(s).
-5
Let w(g) = g**3 + 7*g**2 + 4*g + 3. Let r be w(-6). Suppose -3*k - x + 3 = k, 3*x + r = 0. Let z(b) = -8*b**2 + 6*b**2 + 0*b + b**3 - b + k. Give z(2).
0
Let s(p) = p + 1. Let o(w) = -5*w - 7. Let b(r) = o(r) + 4*s(r). Calculate b(-5).
2
Let y(t) = 4 + t**2 + 4*t + 0*t**2 - 1. Let f = 8 - 5. Suppose 26 = -2*v + 4*r, -v + f = 2*r - 4. Give y(v).
0
Let o(k) = 2*k**2 - 3*k. Let l(a) = -a**2 + 2*a. Let i(m) = 8*l(m) + 5*o(m). Let u(j) = 4*j + 9. Let y be u(-2). Give i(y).
3
Let t(r) = -r - 4. Let w be t(-7). Let u(j) be the third derivative of -j**5/60 + j**4/8 - j**3/3 + 4*j**2. What is u(w)?
-2
Let c(l) = l + 2. Suppose -4*o - 24 = -4*t + 2*t, -t - 23 = 3*o. Calculate c(o).
-5
Let h(y) = 2*y + 11. Let b be h(-6). Let t(w) = 5*w + 1. Calculate t(b).
-4
Let z(c) = 3*c**3 + 6*c**2 - 6*c + 1. Let b(j) = 13*j**3 + 24*j**2 - 24*j + 3. Let v(q) = 2*b(q) - 9*z(q). What is v(-7)?
4
Let n(a) be the third derivative of -a**7/2520 - a**6/180 - a**5/40 + a**4/8 - 4*a**2. Let l(m) be the second derivative of n(m). What is l(-3)?
0
Let x(z) = -z - 13. Suppose -6 - 11 = -3*c - 5*v, 3*v + 5 = 2*c. Suppose 0 = s - c*s. What is x(s)?
-13
Suppose 0 = -4*r + 4*z + 13 + 3, 5*r + z - 14 = 0. Let x(h) be the second derivative of -2*h + 0 - 3/2*h**2 - 2/3*h**r. What is x(-3)?
9
Suppose 5*x - 2*k + 6 = 0, 0 = -3*x - 4*k + 8 + 4. Let s(g) = -4 - 3*g + g**2 + g**3 + 2*g - 2 + 2*g. What is s(x)?
-6
Let k be ((-4)/(-6))/(4/6). Suppose -v = -0*v + 4*p + k, 3*v + 20 = 5*p. Let a(q) be the first derivative of -q**2/2 - q - 12. Give a(v).
4
Suppose y - f - 1 = 0, 4*f + 9 = y - 4. Let n(q) = q**3 + 3*q**2 + 2*q + 3. What is n(y)?
-3
Let z(i) = 127 - 10*i - 124 + 4*i. What is z(2)?
-9
Let r be 9/(-6) - (-9)/6. Let b(p) = -p**2 - p - 11. Determine b(r).
-11
Let l(j) be the first derivative of 0*j - 1/2*j**2 - 3. Give l(-3).
3
Let a(d) = 2*d**2 + 5*d - 1. Let h be -1 + 0 + 3 + 0. Let b(q) = -5*q - 3*q**2 + 3 + 0 - h. Let i(t) = -4*a(t) - 3*b(t). Give i(5).
1
Suppose 2*o - 38 = 4*d, 6*d - 4*d + 20 = 2*o. Let b(k) = -k**2 - 11*k - 12. Calculate b(d).
6
Let h(f) = f**2 - 12*f + 5. Let y be h(11). Let z(k) = -k**3 - 6*k**2 + 2. What is z(y)?
2
Let x(f) = -7*f**2 + 1. Let v be x(1). Let k(b) = b**2 + 7*b - 1. Give k(v).
-7
Let a(x) = x**3 + 5*x**2 + 3*x - 1. Let h = 16 + -7. Let m = -3 + h. Suppose 0 = -5*c - 14 - m. What is a(c)?
3
Suppose 7 = -4*q - 3*h, h + 0 + 3 = -q. Let i(v) be the second derivative of 0 + 7/6*v**3 + 0*v**q + v. Calculate i(-1).
-7
Let o = -29 - -33. Let n(u) = -u**3 + 4*u**2 - 3*u + 5. Determine n(o).
-7
Let s(b) = 6*b + b - 1 + 2*b. What is s(1)?
8
Let o = 7 - 5. Suppose 12 - o = 2*g. Let i(l) be the third derivative of -l**5/60 + l**4/6 + l**3 - l**2. Calculate i(g).
1
Let y(s) = s**3 + 6*s**2 + 5*s + 4. Let r(m) = -m + 2. Let w be r(7). Calculate y(w).
4
Let b(j) = j**3 - 7*j**2 - 3*j. Let m(h) = 2*h**3 - 13*h**2 - 5*h. Let o(s) = -5*b(s) + 3*m(s). Determine o(4).
0
Let j(g) = -9*g**2 - 9*g - 17. Let d(q) = -5*q**2 - 4*q - 9. Let m(h) = 7*d(h) - 4*j(h). Suppose 10*a + 12 = 8*a. Determine m(a).
-7
Let j(u) be the first derivative of 4 - 4/3*u**3 + 0*u + 3/2*u**2. Determine j(2).
-10
Let g(d) = -2 - 8 + 5*d**2 - 2*d**3 + 4 + d + d**3. What is g(5)?
-1
Let t(h) = h**3 - 4*h**2 + 3*h - 5. Suppose n - 2*d - 4 = 0, 2*n + 0*d = 2*d + 8. What is t(n)?
7
Let w(q) = -q**2 + 7 - q**3 + 9*q**3 + 0 - 7*q**3. Calculate w(0).
7
Let y(l) be the second derivative of 1/6*l**3 + l + 5/2*l**2 + 0. Determine y(0).
5
Let w(f) be the third derivative of 0 + 2*f**2 + 1/6*f**3 + 1/12*f**4 + 0*f. Calculate w(-3).
-5
Let g(p) = -9*p + 1. Suppose 2*z - 4*q = -10, -5*z - 5*q + 20 = -0*q. Determine g(z).
-8
Let p(c) = -5*c**3 + 6*c**2 - 8*c + 7. Let z(i) = 6*i**3 - 6*i**2 + 8*i - 7. Let s(f) = -7*p(f) - 6*z(f). What is s(-7)?
-14
Let f be 2/9 - 170/(-45). Suppose 0*k + k = 4. Let i(j) = k*j + 0*j - 2 + 4 - j**2. What is i(f)?
2
Let l(n) = 4*n - 2*n**2 - 2 - n**2 - 2*n. Suppose 0 = 4*o - 2*o - 4. What is l(o)?
-10
Let x(y) be the third derivative of 9*y**2 + 0*y + 1/2*y**3 + 0 - 1/24*y**4. Determine x(3).
0
Let k = 16 - 15. Let n(f) = -f**2. Calculate n(k).
-1
Let d(w) be the third derivative of -w**5/12 - w**4/24 - 10*w**2. Let r be (-2)/(-6) + (-2)/(-3). What is d(r)?
-6
Suppose -5*r + 3*x - 2*x + 15 = 0, 0 = -r + 2*x + 3. Let f(p) = -4*p**2 + 0*p**2 + 2*p**2 + 2*p + r. Give f(3).
-9
Let d(r) = -r - 1. Let j = -75 + 80. Calculate d(j).
-6
Let f = 59 + -61. Let m(w) = 7 - 3 + 5*w - 4*w. Calculate m(f).
2
Let t(q) = -4*q**2 + 0*q - 2*q + 8*q**2 + q**2 - 5 + q**3. Give t(-5).
5
Suppose 11 = 3*s - k, 0*s - 5*k = -2*s + 29. Let u(l) = -l**s + 9*l**2 - 4*l**2. Calculate u(-2).
16
Let v(p) = -7*p. Let d(n) = 3*n. Let w(m) = -5*d(m) - 2*v(m). What is w(4)?
-4
Let g(d) = 3*d**3 - d**2. Let s be g(-1). Let u(y) = y**2 + 6*y + 3. Determine u(s).
-5
Let d(q) = 7*q + 5. Let c(k) = 6*k + 4. Let y(n) = -6*c(n) + 5*d(n). Suppose -2*a = a + 15. Determine y(a).
6
Let o be -2 + 2 - (-8)/4. Let h(r) be the first derivative of -4 + 9*r + 1/2*r**o. Determine h(0).
9
Let r(w) be the third derivative of w**8/6720 + w**7/504 + w**6/240 - w**5/30 + w**4/12 - 4*w**2. Let f(x) be the second derivative of r(x). Calculate f(-3).
5
Let q(l) = 1. Let x(n) = n - 7. Let p(o) = -6*q(o) - x(o). Suppose -18 = -z - 13. Calculate p(z).
-4
Let s(o) = -3*o - 15. Let b(g) = 3*g + 16. Let x(m) = 5*b(m) + 6*s(m). What is x(-7)?
11
Let s(k) = k**3 + 42*k**2 + k + 46. Let f be s(-42). Let p(u) be the second derivative of u**3/6 - 5*u**2/2 + u. Give p(f).
-1
Let j = 0 + -23. Let y = 22 + j. Let z(n) = 3*n. Calculate z(y).
-3
Let j(n) = -12*n**2 - 9*n - 2. Let h(w) = 6*w**2 + 4*w + 1. Let p(b) = -7*h(b) - 3*j(b). What is p(-1)?
-6
Let g(k) = 2*k**3 - 3*k**2. Suppose 27 = 5*p + q + 7, -q = 2*p - 8. Suppose -7 - 5 = -p*m. Suppose m*s = -0*s + 6. What is g(s)?
4
Let y(s) = 3 - 289*s**2 - 5 + 3 + 290*s**2 + s**3 - s. Determine y(2).
11
Let y(i) be the second derivative of -i**5/20 - 5*i**4/12 - i**3/6 + 3*i**2 - 7*i. Give y(-5).
11
Let h(i) = i**3 - 7*i**2 + 4*i - 3. Let c be 2/(-9) - 336/(-54). What is h(c)?
-15
Let q(i) be the third derivative of -i**6/120 - i**5/15 + i**4/6 + i**3/6 + 2*i**2. Let t = -10 - -17. Let r be 66/(-14) - 2/t. Calculate q(r).
6
Let l(d) = d**2 + 3*d + 1. Let q be l(-2). Let r be q/(((-5)/2)/5). Let g(p) = p**3 - 3*p**2 - p. Let n(b) = -b - 1. Let w(f) = -g(f) + n(f). Give w(r).
3
Let j(b) = 9*b. Let f(d) = 10*d. Let a(l) = 2*f(l) - 3*j(l). Calculate a(2).
-14
Let j(n) = 9*n**3 + 17*n**2 + 2*n + 5. Let v(g) = -5*g**3 - 9*g**2 - g - 2. Let o(i) = -4*j(i) - 7*v(i). Calculate o(-5).
-1
Let r(t) be the second derivative of 1/12*t**4 + 1/2*t**2 + 3*t - 1/20*t**5 + 2/3*t**3 + 0. Give r(3).
-5
Suppose -16 = -4*k - 0. Let a(h) = 4*h**2 - 5*h + 9. Let r(y) = 9*y**2 - 10*y + 19. Let q(p) = -7*a(p) + 3*r(p). Calculate q(k).
-2
Suppose -80 = 3*m + i, -2*m = 3*i + 2*i + 49. Let b = m + 24. Let q(c) = c + 2. Determine q(b).
-1
Let o(j) = -2*j - 6. Let w be 15/(-2)*2/3. Let n be o(w). Let u(d) = 5*d + 4 - 4*d - n. What is u(-4)?
-4
Let r(l) be the second derivative of l**8/6720 - l**7/360 + l**6/120 - 7*l**5/120 + l**4/3 + 8*l. Let q(i) be the third derivative of r(i). Determine q(6).
-7
Suppose -6*u - 3*f = -u + 3, 5*u + 4*f + 4 = 0. Let r(a) = -a**3 - a + 1. Calculate r(u).
1
Let g(r) = -5*r - 11. Let u(z) = -2*z - 4. Let b(l) = 3*g(l) - 8*u(l). Let a be b(4). Let s(c) = -c + 4. Give s(a).
1
Let x(u) be the second derivative of -u**4/12 - u**3/3 - u**2/2 + 2*u. Give x(-2).
-1
Let n(x) = 5*x**3 - 5*x**2 - 11*x - 29. Let p(w) = 3*w**3 - 3*w**2 - 7*w - 19. Let r be -4*1/(-1) - -1. Let d(t) = r*n(t) - 8*p(t). What is d(0)?
7
Let u(k) = -k**3 + 3*k**2 - 2*k + 5. Let n(j) = -j + 1. Let w(b) = -5*n(b) + u(b). Let o be 3/15*(-25)/(-10)*8. Give w(o).
-4
Suppose 0 = -7*g - g + 64. Let i(q) = -q + 2. Give i(g).
-6
Let w be (-2)/5 - (-12)/30. Let z(g) = -5*g + 5 + 6*g + g**2 + w*g**2. Give z(0).
5
Let y(v) be the third derivative of -v**4/6 + v**2. Suppose -2*p + 3*u = 10, -5*p + u = 5*u + 71. Let f(z) = -z**2 - 10*z + 10. Let s be f